False
Does 14 divide 70191644?
False
Is 133390810 a multiple of 3003?
False
Does 2863 divide 269344073?
False
Is 5287835 a multiple of 245?
True
Does 3156 divide 117923940?
True
Is 2534744912 a multiple of 196?
True
Does 4272 divide 1392356826?
False
Does 214 divide 830759177?
False
Does 13 divide 44565410?
False
Is 77 a factor of 54676389?
False
Does 1847 divide 80624832?
False
Does 5 divide 459791670?
True
Is 289 a factor of 42140455?
False
Does 40 divide 7637293?
False
Is 48 a factor of 15972864?
True
Is 1441457600 a multiple of 155?
False
Is 2630 a factor of 873365140?
True
Is 4439 a factor of 8280589?
False
Is 46291111 a multiple of 12?
False
Is 17 a factor of 58208378?
False
Is 125 a factor of 975883968?
False
Is 84 a factor of 13566168?
True
Is 1314 a factor of 3782038896?
True
Is 165 a factor of 192803963?
False
Is 788 a factor of 4960460?
True
Is 1098675583 a multiple of 64?
False
Does 9 divide 723218739?
False
Does 3 divide 22119?
True
Does 179 divide 148199376?
False
Is 130 a factor of 152498049?
False
Is 6965366630 a multiple of 174?
False
Is 604 a factor of 15324688?
True
Is 2453181390 a multiple of 4085?
True
Is 5266 a factor of 499764464?
True
Is 4 a factor of 94673344?
True
Is 61 a factor of 107110540?
False
Is 163413697 a multiple of 1129?
False
Is 171586928 a multiple of 17?
False
Is 3829499028 a multiple of 24?
False
Is 20176950 a multiple of 155?
False
Is 209085150 a multiple of 150?
True
Does 30 divide 868864380?
True
Does 11 divide 1632228224?
True
Is 484497615 a multiple of 4830?
False
Is 328 a factor of 161321617?
False
Is 953 a factor of 46004969?
False
Is 5343824 a multiple of 4112?
False
Does 42 divide 607741253?
False
Is 192499146 a multiple of 133?
True
Does 891 divide 115994835?
True
Does 18 divide 13646537?
False
Is 77775365 a multiple of 541?
False
Is 837107449 a multiple of 2141?
True
Does 24 divide 742388400?
True
Is 522 a factor of 74757186?
True
Is 970992842 a multiple of 636?
False
Is 156450163 a multiple of 89?
True
Is 13 a factor of 1243508183?
False
Is 848 a factor of 18259136?
True
Is 286639263 a multiple of 55?
False
Is 3099810 a multiple of 87?
True
Does 266 divide 2522252698?
True
Is 57 a factor of 76430157?
False
Is 3 a factor of 3251616?
True
Is 148508295 a multiple of 15?
True
Is 1813216350 a multiple of 2557?
False
Is 23415635 a multiple of 185?
True
Does 29 divide 98631448?
False
Does 5987 divide 34566301?
False
Is 8 a factor of 1646691548?
False
Is 249 a factor of 1807798323?
False
Is 72166826 a multiple of 38?
True
Is 1889629969 a multiple of 336?
False
Does 9434 divide 1503147522?
True
Does 2181 divide 31474447?
False
Is 16799264 a multiple of 17?
True
Is 771 a factor of 457562035?
False
Is 28178208 a multiple of 18?
True
Does 22 divide 477815140?
True
Is 18351588 a multiple of 4?
True
Does 8 divide 71282945?
False
Does 171 divide 2442765096?
True
Is 363631962 a multiple of 2572?
False
Does 15 divide 30250330?
False
Is 1160 a factor of 631014480?
True
Is 2586 a factor of 298446677?
False
Does 1595 divide 44552562?
False
Does 279 divide 12278790?
True
Is 26 a factor of 366173314?
True
Does 69 divide 78775870?
False
Is 3888 a factor of 180830880?
True
Is 2340860 a multiple of 23?
False
Does 13 divide 138473179?
True
Does 140 divide 4962243720?
True
Is 26 a factor of 723125260?
True
Is 2 a factor of 254181428?
True
Is 133 a factor of 27405049?
True
Is 20570718 a multiple of 119?
False
Is 20611862 a multiple of 2367?
False
Is 279404008 a multiple of 194?
False
Is 97394422 a multiple of 292?
False
Is 344098705 a multiple of 159?
False
Is 706842607 a multiple of 2597?
False
Is 327 a factor of 2189326803?
True
Does 14497 divide 1219133856?
False
Does 11 divide 13858559?
True
Does 649 divide 420149620?
True
Is 8937236 a multiple of 22?
True
Is 199 a factor of 17501055?
True
Is 35429332 a multiple of 61?
False
Is 25 a factor of 56839177?
False
Does 68 divide 178337752?
True
Does 9546 divide 804794036?
False
Is 65949731 a multiple of 5470?
False
Is 242417819 a multiple of 43?
False
Is 26849966 a multiple of 269?
True
Does 7 divide 361812535?
True
Is 105050382 a multiple of 382?
True
Does 18 divide 25669657?
False
Does 24 divide 3721692?
False
Does 127 divide 307591344?
False
Does 699 divide 438291352?
False
Does 198 divide 1478539646?
False
Is 1699 a factor of 652331050?
True
Is 12105156 a multiple of 184?
False
Is 1561 a factor of 2063995?
False
Does 42 divide 130316340?
True
Is 57405714 a multiple of 55?
False
Is 36842044 a multiple of 6?
False
Does 15 divide 3080457630?
True
Is 177041459 a multiple of 4469?
False
Is 189 a factor of 1215899199?
False
Does 51 divide 199980402?
False
Is 1057787911 a multiple of 138?
False
Does 1876 divide 25854051?
False
Does 21 divide 282245520?
False
Is 6208 a factor of 303937472?
True
Is 3777311 a multiple of 134?
False
Does 2296 divide 45288600?
True
Is 31 a factor of 58990306?
False
Is 87666768 a multiple of 63?
True
Is 17 a factor of 21522038?
False
Is 1509008517 a multiple of 546?
False
Is 817741320 a multiple of 344?
True
Does 33 divide 809525541?
True
Does 703 divide 629434781?
False
Does 3429 divide 434484374?
False
Is 13 a factor of 2651277265?
True
Is 134 a factor of 1028890592?
True
Is 376214 a multiple of 60?
False
Is 35701918 a multiple of 5?
False
Is 23 a factor of 3923403173?
False
Is 119 a factor of 1737464379?
True
Is 681 a factor of 1575868513?
False
Does 3392 divide 187772737?
False
Is 43 a factor of 13451067?
False
Does 620 divide 12652960?
True
Is 54 a factor of 41932188?
True
Is 358 a factor of 705130630?
False
Is 9 a factor of 3408427?
False
Does 5040 divide 5808684182?
False
Is 65 a factor of 275476647?
False
Is 20 a factor of 5077385480?
True
Is 84 a factor of 11874324?
True
Is 19 a factor of 49776515?
False
Is 235 a factor of 670116130?
True
Does 627 divide 45753722?
False
Is 8941816 a multiple of 8?
True
Does 26 divide 109119200?
False
Is 18689605 a multiple of 3715?
False
Is 115 a factor of 41359453?
False
Does 10 divide 4785903580?
True
Does 13 divide 402590138?
False
Is 7068888 a multiple of 36?
True
Is 515 a factor of 381261710?
True
Is 263461980 a multiple of 114?
True
Is 611960586 a multiple of 3243?
True
Is 206 a factor of 48572122?
True
Is 327 a factor of 38885028?
False
Does 14 divide 909557097?
False
Does 10 divide 12085417?
False
Is 1441 a factor of 91147573?
True
Is 116 a factor of 713162896?
True
Does 23 divide 1172678?
True
Is 117392880 a multiple of 106?
True
Does 27 divide 21009591?
True
Is 316201388 a multiple of 2540?
False
Does 2 divide 42623773?
False
Is 23859464 a multiple of 23?
True
Does 9 divide 248489829?
True
Is 69298236 a multiple of 18?
True
Does 71 divide 156790152?
True
Is 867 a factor of 166662543?
True
Does 2688 divide 415494912?
True
Is 520 a factor of 3519253322?
False
Is 563 a factor of 13428113?
True
Is 110 a factor of 14736700?
True
Is 1139 a factor of 459863681?
False
Is 106254376 a multiple of 4?
True
Does 5098 divide 825238750?
True
Is 15 a factor of 1485722885?
False
Is 116 a factor of 213413784?
True
Does 841 divide 10622671?
True
Is 116 a factor of 756257940?
True
Is 64625514 a multiple of 93?
True
Is 117 a factor of 49891140?
True
Does 11 divide 530692337?
False
Does 3 divide 20589752?
False
Does 4 divide 16533204?
True
Is 5 a factor of 29645003?
False
Is 35326858 a multiple of 17?
False
Is 1035392556 a multiple of 876?
False
Is 344440 a multiple of 1435?
False
Is 1229736226 a multiple of 254?
False
Is 147 a factor of 1061879931?
True
Is 2445 a factor of 812794649?
False
Does 44 divide 145964216?
False
Is 19405859 a multiple of 904?
False
Is 20 a factor of 26973536?
False
Is 1019 a factor of 1646704?
True
Does 42 divide 173244036?
True
Does 66 divide 5957150?
False
Is 18 a factor of 17550036?
True
Does 6 divide 3848602?
False
Is 754698113 a multiple of 59?
False
Is 177262112 a multiple of 132?
False
Is 123182129 a multiple of 721?
True
Does 116 divide 4975008?
True
Does 25 divide 45418458?
False
Does 5806 divide 129009320?
True
Does 286 divide 353797390?
False
Is 4 a factor of 6494792?
True
Does 27 divide 69523709?
False
Is 191802520 a multiple of 812?
True
Is 62778078 a multiple of 3?
True
Is 18 a factor of 34466850?
True
Is 626825250 a multiple of 250?
True
Is 70063057 a multiple of 11?
Fal